{"id":357,"date":"2013-10-24T17:01:31","date_gmt":"2013-10-24T17:01:31","guid":{"rendered":"http:\/\/localhost\/ComercialRac\/?page_id=356"},"modified":"2014-03-03T21:39:10","modified_gmt":"2014-03-03T21:39:10","slug":"plantronics-2","status":"publish","type":"page","link":"https:\/\/ractechnologies.comercialrac.com.mx\/?page_id=357","title":{"rendered":"Plantronics"},"content":{"rendered":"<h2><img decoding=\"async\" loading=\"lazy\" class=\"alignnone\" alt=\"\" src=\"https:\/\/ractechnologies.comercialrac.com.mx\/wp-content\/uploads\/2013\/10\/Encabezado-Plantronics.png\" width=\"944\" height=\"200\" \/><\/h2>\n<p><a href=\"https:\/\/ractechnologies.comercialrac.com.mx\/wp-content\/uploads\/2014\/03\/BR19Plantronics.pdf\" target=\"_blank\"><img decoding=\"async\" loading=\"lazy\" class=\"alignright\" alt=\"\" src=\"https:\/\/ractechnologies.comercialrac.com.mx\/wp-content\/uploads\/2013\/11\/folleto1.png\" width=\"150\" height=\"30\" \/><\/a><\/p>\n<h2><\/h2>\n<h2><span style=\"color: #000000;\">Acercando Negocios<\/span><\/h2>\n<h3 style=\"text-align: justify;\">Las personas ya no est\u00e1n definidas por su lugar de trabajo. Usted podr\u00e1 trabajar entre reuniones o entre vuelos. Puede trabajar en un centro de contacto o ser un agente de trabajo desde casa. Puede que ya ni siquiera tenga que ir a una oficina, pero siempre llevara consigo un smartphone o tablet.<\/h3>\n<h3 style=\"text-align: justify;\">Aunque esto presenta una comodidad sin precedentes, la constancia del trabajo tambi\u00e9n trae nuevos desaf\u00edos. Las oficinas son lugares abiertos, pero no siempre tranquilos. La tecnolog\u00eda dise\u00f1ada para ayudar a veces trae complicaciones. Es posible ponerse en contacto con cualquier persona en cualquier parte del mundo, pero tambi\u00e9n puede ser dif\u00edcil escucharlos.<\/h3>\n<h3 style=\"text-align: justify;\">Plantronics la marca l\u00edder de diademas telef\u00f3nicas, especialistas en call centers pone a su disposici\u00f3n una amplia gama de variedad de diademas de comunicaci\u00f3n que simplifican el trabajo en dispositivos y plataformas m\u00faltiples, derribando las barreras que existen entre usted y la mejor forma de trabajar.<\/h3>\n<p>&nbsp;<\/p>\n<h2 style=\"padding-left: 60px;\"><img decoding=\"async\" loading=\"lazy\" class=\"aligncenter\" alt=\"\" src=\"https:\/\/ractechnologies.comercialrac.com.mx\/wp-content\/uploads\/2014\/03\/Modos-de-Uso.png\" width=\"800\" height=\"125\" \/><\/h2>\n<table border=\"0\">\n<tbody>\n<tr>\n<td><img decoding=\"async\" loading=\"lazy\" class=\"alignnone\" alt=\"\" src=\"https:\/\/ractechnologies.comercialrac.com.mx\/wp-content\/uploads\/2014\/03\/55.SerieSavi700.png\" width=\"468\" height=\"250\" \/><\/td>\n<td><img decoding=\"async\" loading=\"lazy\" class=\"alignnone\" alt=\"\" src=\"https:\/\/ractechnologies.comercialrac.com.mx\/wp-content\/uploads\/2014\/03\/56.SerieCS500.png\" width=\"468\" height=\"250\" \/><\/td>\n<\/tr>\n<tr>\n<td><img decoding=\"async\" loading=\"lazy\" class=\"alignnone\" alt=\"\" src=\"https:\/\/ractechnologies.comercialrac.com.mx\/wp-content\/uploads\/2014\/03\/57.SerieSavi400.png\" width=\"468\" height=\"250\" \/><\/td>\n<td>\u00a0<img decoding=\"async\" loading=\"lazy\" class=\"alignnone\" alt=\"\" src=\"https:\/\/ractechnologies.comercialrac.com.mx\/wp-content\/uploads\/2014\/03\/58.SerieBlackwire700.png\" width=\"468\" height=\"250\" \/><\/td>\n<\/tr>\n<tr>\n<td><img decoding=\"async\" loading=\"lazy\" class=\"alignnone\" alt=\"\" src=\"https:\/\/ractechnologies.comercialrac.com.mx\/wp-content\/uploads\/2014\/03\/59.SerieBlackwire500.png\" width=\"468\" height=\"250\" \/><\/td>\n<td><img decoding=\"async\" loading=\"lazy\" class=\"alignnone\" alt=\"\" src=\"https:\/\/ractechnologies.comercialrac.com.mx\/wp-content\/uploads\/2014\/03\/61.SerieBlackwire300.png\" width=\"468\" height=\"250\" \/><\/td>\n<\/tr>\n<tr>\n<td><img decoding=\"async\" loading=\"lazy\" class=\"alignnone\" alt=\"\" src=\"https:\/\/ractechnologies.comercialrac.com.mx\/wp-content\/uploads\/2014\/03\/62.SerieCalisto620.png\" width=\"468\" height=\"250\" \/><\/td>\n<td><img decoding=\"async\" loading=\"lazy\" class=\"alignnone\" alt=\"\" src=\"https:\/\/ractechnologies.comercialrac.com.mx\/wp-content\/uploads\/2014\/03\/63.SerieCalisto800.png\" width=\"468\" height=\"250\" \/><\/td>\n<\/tr>\n<tr>\n<td><img decoding=\"async\" loading=\"lazy\" class=\"alignnone\" alt=\"\" src=\"https:\/\/ractechnologies.comercialrac.com.mx\/wp-content\/uploads\/2014\/03\/64.SerieMDA200.png\" width=\"468\" height=\"250\" \/><\/td>\n<td>\u00a0<img decoding=\"async\" loading=\"lazy\" class=\"alignnone\" alt=\"\" src=\"https:\/\/ractechnologies.comercialrac.com.mx\/wp-content\/uploads\/2014\/03\/65.VoyagerLegend.png\" width=\"468\" height=\"250\" \/><\/td>\n<\/tr>\n<tr>\n<td><img decoding=\"async\" loading=\"lazy\" class=\"alignnone\" alt=\"\" src=\"https:\/\/ractechnologies.comercialrac.com.mx\/wp-content\/uploads\/2014\/03\/66.M55.png\" width=\"468\" height=\"250\" \/><\/td>\n<td><img decoding=\"async\" loading=\"lazy\" class=\"alignnone\" alt=\"\" src=\"https:\/\/ractechnologies.comercialrac.com.mx\/wp-content\/uploads\/2014\/03\/67.M165.png\" width=\"468\" height=\"250\" \/><\/td>\n<\/tr>\n<tr>\n<td><img decoding=\"async\" loading=\"lazy\" class=\"alignnone\" alt=\"\" src=\"https:\/\/ractechnologies.comercialrac.com.mx\/wp-content\/uploads\/2014\/03\/68.EncorePro.png\" width=\"468\" height=\"250\" \/><\/td>\n<td>\u00a0<img decoding=\"async\" loading=\"lazy\" class=\"alignnone\" alt=\"\" src=\"https:\/\/ractechnologies.comercialrac.com.mx\/wp-content\/uploads\/2014\/03\/69.SupraPlus.png\" width=\"468\" height=\"250\" \/><\/td>\n<\/tr>\n<tr>\n<td><img decoding=\"async\" loading=\"lazy\" class=\"alignnone\" alt=\"\" src=\"https:\/\/ractechnologies.comercialrac.com.mx\/wp-content\/uploads\/2014\/03\/70.DuoSet.png\" width=\"468\" height=\"250\" \/><\/td>\n<td>\u00a0<img decoding=\"async\" loading=\"lazy\" class=\"alignnone\" alt=\"\" src=\"https:\/\/ractechnologies.comercialrac.com.mx\/wp-content\/uploads\/2014\/03\/71.TriStar.png\" width=\"468\" height=\"250\" \/><\/td>\n<\/tr>\n<\/tbody>\n<\/table>\n","protected":false},"excerpt":{"rendered":"<p>Acercando Negocios Las personas ya no est\u00e1n definidas por su lugar de trabajo. Usted podr\u00e1 trabajar entre reuniones o entre vuelos. Puede trabajar en un centro de contacto o ser un agente de trabajo desde casa. Puede que ya ni siquiera tenga que ir a una oficina, pero siempre llevara consigo un smartphone o tablet. [&hellip;]<\/p>\n","protected":false},"author":383,"featured_media":0,"parent":0,"menu_order":0,"comment_status":"open","ping_status":"open","template":"fullwidthpage.php","meta":[],"aioseo_notices":[],"_links":{"self":[{"href":"https:\/\/ractechnologies.comercialrac.com.mx\/index.php?rest_route=\/wp\/v2\/pages\/357"}],"collection":[{"href":"https:\/\/ractechnologies.comercialrac.com.mx\/index.php?rest_route=\/wp\/v2\/pages"}],"about":[{"href":"https:\/\/ractechnologies.comercialrac.com.mx\/index.php?rest_route=\/wp\/v2\/types\/page"}],"author":[{"embeddable":true,"href":"https:\/\/ractechnologies.comercialrac.com.mx\/index.php?rest_route=\/wp\/v2\/users\/383"}],"replies":[{"embeddable":true,"href":"https:\/\/ractechnologies.comercialrac.com.mx\/index.php?rest_route=%2Fwp%2Fv2%2Fcomments&post=357"}],"version-history":[{"count":55,"href":"https:\/\/ractechnologies.comercialrac.com.mx\/index.php?rest_route=\/wp\/v2\/pages\/357\/revisions"}],"predecessor-version":[{"id":4251,"href":"https:\/\/ractechnologies.comercialrac.com.mx\/index.php?rest_route=\/wp\/v2\/pages\/357\/revisions\/4251"}],"wp:attachment":[{"href":"https:\/\/ractechnologies.comercialrac.com.mx\/index.php?rest_route=%2Fwp%2Fv2%2Fmedia&parent=357"}],"curies":[{"name":"wp","href":"https:\/\/api.w.org\/{rel}","templated":true}]}}