{"id":3537,"date":"2013-10-22T18:47:42","date_gmt":"2013-10-22T18:47:42","guid":{"rendered":"http:\/\/localhost\/ComercialRac\/?page_id=292"},"modified":"2014-01-30T05:38:11","modified_gmt":"2014-01-30T05:38:11","slug":"plataformas-de-comunicacion","status":"publish","type":"page","link":"https:\/\/ractechnologies.comercialrac.com.mx\/?page_id=3537","title":{"rendered":"Plataformas de Comunicaci\u00f3n"},"content":{"rendered":"<h2 style=\"text-align: justify;\">Panasonic ha sido l\u00edder en el sector de la telefon\u00eda de empresa durante m\u00e1s de 25 a\u00f1os. En su \u00faltimo cat\u00e1logo, ofrece soluciones de comunicaci\u00f3n de gran calidad para toda una serie de aplicaciones empresariales, que abarcan desde simples sistemas anal\u00f3gicos hasta avanzadas plataformas de comunicaci\u00f3n en red con base IP.<\/h2>\n<h2 style=\"text-align: justify;\">Estos sistemas de telefon\u00eda l\u00edderes se ofrecen con una amplia gama de tel\u00e9fonos fijos e inal\u00e1mbricos, accesorios y aplicaciones para mejora de la productividad, proporcionando a las empresas un enfoque basado en soluciones que se adapta plenamente a todas sus exigencias en materia de comunicaciones.<\/h2>\n<table border=\"0\">\n<tbody>\n<tr>\n<td style=\"text-align: center;\"><a href=\"http:\/\/crac-prueba.comercialrac.com.mx\/plataforma-de-comunicacion-ip-kx-ncp\/\"><img decoding=\"async\" loading=\"lazy\" class=\"alignnone size-full wp-image-488\" alt=\"08. Plat. Com. IP KX-NCP\" src=\"https:\/\/ractechnologies.comercialrac.com.mx\/wp-content\/uploads\/2013\/11\/08.-Plat.-Com.-IP-KX-NCP1.png\" width=\"480\" height=\"167\" \/><\/a><\/td>\n<td style=\"text-align: center;\"><a href=\"http:\/\/crac-prueba.comercialrac.com.mx\/sistema-de-comunicacion-ip-hibrido-kx-tde\/\"><img decoding=\"async\" loading=\"lazy\" class=\"alignnone size-full wp-image-489\" alt=\"09. Sist. Com. IP KX-TDE\" src=\"https:\/\/ractechnologies.comercialrac.com.mx\/wp-content\/uploads\/2013\/11\/09.-Sist.-Com.-IP-KX-TDE1.png\" width=\"480\" height=\"167\" \/><\/a><\/td>\n<td style=\"text-align: center;\"><\/td>\n<\/tr>\n<tr>\n<td><a href=\"http:\/\/crac-prueba.comercialrac.com.mx\/sistema-de-comunicacion-digital-kx-tda100d\/\"><img decoding=\"async\" loading=\"lazy\" class=\"alignnone size-full wp-image-490\" alt=\"10. Sist. Com. Digital  KX-TDA100D\" src=\"https:\/\/ractechnologies.comercialrac.com.mx\/wp-content\/uploads\/2013\/11\/10.-Sist.-Com.-Digital-KX-TDA100D1.png\" width=\"480\" height=\"167\" \/><\/a><\/td>\n<td><a href=\"http:\/\/crac-prueba.comercialrac.com.mx\/sistema-de-comunicacion-analogico-kx-tes824\/\"><img decoding=\"async\" loading=\"lazy\" class=\"alignnone size-full wp-image-491\" alt=\"11. Sist. Com. Anal  KX-TES824\" src=\"https:\/\/ractechnologies.comercialrac.com.mx\/wp-content\/uploads\/2013\/11\/11.-Sist.-Com.-Anal-KX-TES8241.png\" width=\"480\" height=\"167\" \/><\/a><\/td>\n<td><\/td>\n<\/tr>\n<tr>\n<td style=\"text-align: center;\"><a href=\"http:\/\/crac-prueba.comercialrac.com.mx\/terminales-del-sistema\/\"><img decoding=\"async\" loading=\"lazy\" class=\"alignnone size-full wp-image-492\" alt=\"12. Term del Sist. NT300-DT300\" src=\"https:\/\/ractechnologies.comercialrac.com.mx\/wp-content\/uploads\/2013\/11\/12.-Term-del-Sist.-NT300-DT3001.png\" width=\"480\" height=\"167\" \/><\/a><\/td>\n<td><a href=\"http:\/\/crac-prueba.comercialrac.com.mx\/correo-de-voz\/\"><img decoding=\"async\" loading=\"lazy\" class=\"alignnone size-full wp-image-493\" alt=\"13. Correo de Voz KX-TVM\" src=\"https:\/\/ractechnologies.comercialrac.com.mx\/wp-content\/uploads\/2013\/11\/13.-Correo-de-Voz-KX-TVM1.png\" width=\"480\" height=\"167\" \/><\/a><\/td>\n<td><\/td>\n<\/tr>\n<\/tbody>\n<\/table>\n<p>&nbsp;<\/p>\n","protected":false},"excerpt":{"rendered":"<p>Panasonic ha sido l\u00edder en el sector de la telefon\u00eda de empresa durante m\u00e1s de 25 a\u00f1os. En su \u00faltimo cat\u00e1logo, ofrece soluciones de comunicaci\u00f3n de gran calidad para toda una serie de aplicaciones empresariales, que abarcan desde simples sistemas anal\u00f3gicos hasta avanzadas plataformas de comunicaci\u00f3n en red con base IP. Estos sistemas de telefon\u00eda [&hellip;]<\/p>\n","protected":false},"author":383,"featured_media":0,"parent":0,"menu_order":0,"comment_status":"open","ping_status":"open","template":"fullwidthpage.php","meta":[],"aioseo_notices":[],"_links":{"self":[{"href":"https:\/\/ractechnologies.comercialrac.com.mx\/index.php?rest_route=\/wp\/v2\/pages\/3537"}],"collection":[{"href":"https:\/\/ractechnologies.comercialrac.com.mx\/index.php?rest_route=\/wp\/v2\/pages"}],"about":[{"href":"https:\/\/ractechnologies.comercialrac.com.mx\/index.php?rest_route=\/wp\/v2\/types\/page"}],"author":[{"embeddable":true,"href":"https:\/\/ractechnologies.comercialrac.com.mx\/index.php?rest_route=\/wp\/v2\/users\/383"}],"replies":[{"embeddable":true,"href":"https:\/\/ractechnologies.comercialrac.com.mx\/index.php?rest_route=%2Fwp%2Fv2%2Fcomments&post=3537"}],"version-history":[{"count":2,"href":"https:\/\/ractechnologies.comercialrac.com.mx\/index.php?rest_route=\/wp\/v2\/pages\/3537\/revisions"}],"predecessor-version":[{"id":3845,"href":"https:\/\/ractechnologies.comercialrac.com.mx\/index.php?rest_route=\/wp\/v2\/pages\/3537\/revisions\/3845"}],"wp:attachment":[{"href":"https:\/\/ractechnologies.comercialrac.com.mx\/index.php?rest_route=%2Fwp%2Fv2%2Fmedia&parent=3537"}],"curies":[{"name":"wp","href":"https:\/\/api.w.org\/{rel}","templated":true}]}}